012 and 924.
308
What is the highest common divisor of 79005 and 621?
69
Calculate the greatest common factor of 12247 and 8510.
37
Calculate the highest common divisor of 512 and 1941248.
256
What is the highest common divisor of 18462 and 1122?
102
Calculate the greatest common factor of 623 and 6900971.
623
What is the highest common divisor of 2152 and 198791?
269
Calculate the greatest common factor of 7000 and 30240.
280
Calculate the greatest common factor of 7124 and 1918.
274
What is the greatest common divisor of 320 and 65160?
40
What is the greatest common factor of 11223 and 171?
9
What is the greatest common divisor of 1266 and 4925373?
633
Calculate the greatest common factor of 468 and 1556802.
234
Calculate the greatest common factor of 7123 and 459.
17
What is the greatest common divisor of 1188 and 74448?
396
Calculate the greatest common factor of 5 and 89805.
5
Calculate the greatest common divisor of 72 and 3489.
3
What is the highest common divisor of 21 and 9489?
3
What is the greatest common factor of 37 and 1678320?
37
What is the highest common factor of 407 and 198?
11
What is the greatest common divisor of 1152 and 28288?
128
Calculate the highest common divisor of 219998 and 6246.
694
What is the highest common factor of 488 and 2000?
8
Calculate the highest common factor of 4634 and 88708.
662
Calculate the greatest common divisor of 9 and 1772127.
9
What is the greatest common factor of 1470 and 82470?
30
What is the greatest common factor of 222 and 1591?
37
What is the greatest common factor of 207696 and 1344?
48
What is the greatest common factor of 3 and 20127?
3
What is the highest common divisor of 56933 and 197?
197
Calculate the greatest common divisor of 321 and 117807.
321
What is the highest common divisor of 199111 and 253?
253
What is the highest common factor of 4620 and 37785?
165
Calculate the greatest common factor of 3850 and 1813.
7
Calculate the highest common divisor of 27 and 147879.
27
Calculate the highest common factor of 378719 and 11.
11
Calculate the highest common divisor of 5081415 and 15.
15
What is the highest common factor of 36 and 1384764?
12
Calculate the greatest common factor of 1379 and 252.
7
Calculate the greatest common divisor of 374 and 1157860.
22
What is the greatest common factor of 5028 and 168?
12
What is the greatest common divisor of 15 and 230370?
15
What is the highest common factor of 1424 and 173906?
178
What is the highest common divisor of 155154 and 4674?
114
What is the greatest common factor of 159 and 882?
3
What is the highest common divisor of 357 and 47379?
51
Calculate the highest common factor of 20655 and 135.
135
Calculate the greatest common factor of 84 and 4424.
28
What is the highest common factor of 518 and 8148658?
518
What is the greatest common divisor of 3601548 and 72?
36
Calculate the highest common factor of 1466336 and 16.
16
Calculate the highest common divisor of 100 and 262250.
50
Calculate the highest common factor of 369895 and 145.
145
Calculate the greatest common factor of 4677217 and 89.
89
What is the highest common factor of 481 and 19526?
13
What is the greatest common divisor of 9267 and 39?
3
Calculate the highest common divisor of 14 and 799813.
7
What is the greatest common factor of 287385 and 21?
21
What is the highest common divisor of 9169 and 159?
53
What is the greatest common divisor of 746 and 54?
2
Calculate the greatest common factor of 3620 and 6570.
10
Calculate the highest common factor of 2 and 1161762.
2
Calculate the highest common factor of 16555 and 220.
55
What is the highest common divisor of 2940 and 318255?
735
Calculate the highest common factor of 252436 and 5660.
1132
Calculate the highest common divisor of 448386 and 6.
6
What is the highest common divisor of 3746766 and 1011?
1011
What is the highest common divisor of 378 and 1736?
14
What is the greatest common factor of 122 and 1568737?
61
Calculate the greatest common factor of 6 and 16896.
6
Calculate the highest common factor of 205792 and 320.
32
What is the greatest common divisor of 511803 and 146?
73
What is the highest common divisor of 7948 and 16?
4
What is the highest common factor of 3692 and 80756?
52
What is the highest common factor of 1296 and 56016?
144
Calculate the greatest common divisor of 538374 and 159.
159
What is the highest common divisor of 6061 and 23617?
209
Calculate the greatest common divisor of 253758 and 30.
6
Calculate the highest common divisor of 360 and 232020.
180
What is the highest common divisor of 243382 and 1168?
146
What is the highest common factor of 145 and 10109835?
145
Calculate the highest common factor of 18966 and 106602.
654
What is the highest common divisor of 76 and 1900?
76
What is the greatest common factor of 1520 and 6973?
19
Calculate the greatest common factor of 2212440 and 824.
824
What is the highest common factor of 48909 and 2856?
357
What is the highest common divisor of 368 and 20884?
92
Calculate the greatest common divisor of 3537 and 1314.
9
What is the greatest common factor of 154814 and 13166?
454
Calculate the greatest common factor of 1161 and 1224.
9
What is the highest common divisor of 263170 and 10?
10
What is the greatest common factor of 68643 and 783?
261
Calculate the highest common factor of 94228 and 12.
4
What is the highest common divisor of 1408 and 99?
11
What is the highest common divisor of 120 and 36408?
24
Calculate the highest common divisor of 10479150 and 9.
9
Calculate the greatest common divisor of 2325 and 276315.
15
What is the highest common divisor of 4 and 148772?
4
Calculate the greatest common factor of 310 and 256370.
310
Calculate the greatest common divisor of 1946164 and 3388.
484
Calculate the greatest common factor of 4 and 495848.
4
What is the highest common divisor of 8448600 and 100?
100
Calculate the highest common divisor of 143405 and 230.
115
What is the highest common factor of 117 and 5889897?
117
Calculate the greatest common factor of 240 and 35632.
16
What is the highest common divisor of 14931 and 56?
7
What is the highest common divisor of 3072 and 138624?
384
What is the highest common divisor of 61794 and 432?
18
What is the highest common factor of 20149 and 13?
1
Calculate the highest common divisor of 27975 and 12225.
75
What is the greatest common factor of 111559 and 7?
7
What is the greatest common divisor of 754 and 94018?
58
Calculate the highest common divisor of 314613 and 81.
9
Calculate the greatest common factor of 162 and 41760.
18
What is the greatest common factor of 60 and 5020?
20
What is the greatest common divisor of 41805 and 90?
45
Calculate the greatest common factor of 4972 and 438214.
226
Calculate the greatest common factor of 6384 and 7.
7
Calculate the highest common divisor of 2243280 and 15.
15
What is the highest common divisor of 1220 and 19215?
305
What is the highest common factor of 32 and 1358624?
32
Calculate the greatest common divisor of 2235 and 360.
15
Calculate the greatest common divisor of 231 and 317823.
33
What is the highest common factor of 54243 and 49?
49
Calculate the greatest common divisor of 560462 and 1715.
343
Calculate the greatest common divisor of 10 and 4486.
2
Calculate the highest common factor of 37132 and 236.
4
Calculate the greatest common factor of 4960 and 83360.
160
Calculate the greatest common factor of 2022 and 2968970.
674
What is the greatest common divisor of 10685 and 15?
5
What is the greatest common divisor of 209604 and 12?
12
What is the greatest common divisor of 6600 and 23640?
120
What is the greatest common divisor of 181764 and 72?
36
What is the highest common divisor of 32 and 60064?
32
Calculate the highest common divisor of 460 and 20000.
20
Calculate the highest common divisor of 232128 and 27.
9
Calculate the greatest common divisor of 11570 and 533.
13
What is the greatest common factor of 51 and 81957?
51
Calculate the greatest common factor of 166478 and 6.
2
What is the highest common factor of 304 and 30592?
16
What is the highest common factor of 12393 and 318573?
729
Calculate the highest common factor of 5226 and 60762.
78
What is the highest common factor of 315 and 14595?
105
What is the highest common di